omposite?
False
Is 296201 a prime number?
True
Is 3293 composite?
True
Is 23719 a prime number?
True
Is 3191 a prime number?
True
Is 1867 composite?
False
Is 49873 a composite number?
True
Is 2391401 a prime number?
True
Is 190738 composite?
True
Is 61391 prime?
False
Is 4931 prime?
True
Is 10331 a composite number?
False
Is 231619 prime?
False
Is 116317 a composite number?
True
Is 6679 a composite number?
False
Is 863231 a composite number?
False
Is 743087 composite?
True
Is 14197 a prime number?
True
Is 3671 a composite number?
False
Is 3222757 a composite number?
True
Is 4327 a composite number?
False
Is 29477 prime?
False
Is 333449 prime?
True
Is 32347 composite?
True
Is 701 a prime number?
True
Is 299807 a prime number?
True
Is 178355 a prime number?
False
Is 4271 composite?
False
Is 20471 a prime number?
False
Is 513827 prime?
False
Is 464027 prime?
False
Is 5381 composite?
False
Is 15937 prime?
True
Is 2809 a prime number?
False
Is 2717609 a prime number?
True
Is 317027 prime?
False
Is 66449 a prime number?
True
Is 2929 a prime number?
False
Is 309571 a composite number?
False
Is 809 composite?
False
Is 12333 a prime number?
False
Is 33917 a prime number?
False
Is 10519 composite?
True
Is 102761 a prime number?
True
Is 60859 composite?
False
Is 2161979 prime?
False
Is 18439 prime?
True
Is 30746 a prime number?
False
Is 270469 a composite number?
True
Is 268343 a prime number?
True
Is 153059 a prime number?
True
Is 13579 a prime number?
False
Is 2579 a composite number?
False
Is 122819 a prime number?
True
Is 446707 a prime number?
False
Is 1219 a composite number?
True
Is 35539 a prime number?
False
Is 8593 a composite number?
True
Is 447065 a prime number?
False
Is 390691 a composite number?
True
Is 58427 prime?
True
Is 78646 a prime number?
False
Is 9229 a prime number?
False
Is 1081 a composite number?
True
Is 309193 prime?
True
Is 996131 a composite number?
True
Is 1060861 prime?
True
Is 75791 composite?
True
Is 72269 composite?
False
Is 472741 composite?
False
Is 3245171 a prime number?
True
Is 60601 composite?
False
Is 12913 a composite number?
True
Is 362927 a prime number?
True
Is 61859 a composite number?
True
Is 679 prime?
False
Is 9383 prime?
False
Is 195781 composite?
False
Is 19451 prime?
False
Is 3862 composite?
True
Is 588811 a composite number?
False
Is 135227 composite?
True
Is 28697 a composite number?
False
Is 97907 a prime number?
False
Is 753605 composite?
True
Is 75139 a composite number?
True
Is 1123 a composite number?
False
Is 6229 composite?
False
Is 419 a prime number?
True
Is 33443 composite?
True
Is 357117 prime?
False
Is 136943 composite?
False
Is 251269 composite?
True
Is 11101 prime?
False
Is 1693 a composite number?
False
Is 420263 composite?
False
Is 172997 composite?
True
Is 629 prime?
False
Is 31387 a prime number?
True
Is 132911 composite?
False
Is 108767 a prime number?
False
Is 62677 a composite number?
True
Is 14501 a composite number?
True
Is 192707 composite?
True
Is 20047 prime?
True
Is 50923 composite?
False
Is 80429 composite?
False
Is 38389 prime?
False
Is 40435 a prime number?
False
Is 200369 composite?
True
Is 48241 prime?
False
Is 87214 a composite number?
True
Is 341123 composite?
False
Is 231866 prime?
False
Is 9745 a prime number?
False
Is 139219 a composite number?
True
Is 852913 composite?
False
Is 75479 prime?
True
Is 87254 a composite number?
True
Is 28999 composite?
True
Is 82721 composite?
False
Is 30389 a prime number?
True
Is 392803 composite?
False
Is 1340959 a prime number?
True
Is 113453 composite?
False
Is 177409 prime?
True
Is 136195 a composite number?
True
Is 2707 a prime number?
True
Is 1003 composite?
True
Is 195346 a prime number?
False
Is 6247 prime?
True
Is 634507 composite?
True
Is 18899 a composite number?
False
Is 70519 a composite number?
True
Is 6387 composite?
True
Is 13997 composite?
False
Is 15441 a composite number?
True
Is 41599 a prime number?
False
Is 1721 prime?
True
Is 86677 a composite number?
False
Is 16999 composite?
True
Is 22229 prime?
True
Is 26093 prime?
False
Is 16673 composite?
False
Is 95389 a composite number?
True
Is 506834 a prime number?
False
Is 38723 a composite number?
False
Is 1049 composite?
False
Is 25301 prime?
True
Is 405817 composite?
False
Is 4443 composite?
True
Is 44017 composite?
False
Is 9239 prime?
True
Is 127 composite?
False
Is 17291 a prime number?
True
Is 6217 a composite number?
False
Is 175745 prime?
False
Is 425507 composite?
True
Is 44147 a prime number?
False
Is 93595 a prime number?
False
Is 27139 composite?
True
Is 4259 a prime number?
True
Is 1219 prime?
False
Is 671501 composite?
False
Is 294709 a prime number?
False
Is 12989 prime?
False
Is 141793 prime?
True
Is 273443 prime?
False
Is 37781 a prime number?
True
Is 1201 a composite number?
False
Is 86069 composite?
False
Is 4369 a composite number?
True
Is 6347 a prime number?
False
Is 2779 prime?
False
Is 117751 prime?
True
Is 172373 composite?
False
Is 50357 composite?
True
Is 1929287 a composite number?
False
Is 812759 a composite number?
False
Is 16087 composite?
False
Is 12373 a prime number?
True
Is 2475089 a prime number?
True
Is 2495 prime?
False
Is 2043215 a prime number?
False
Is 11461 a prime number?
False
Is 2613647 a composite number?
False
Is 94019 composite?
True
Is 303449 prime?
False
Is 101159 a composite number?
False
Is 214417 prime?
False
Is 3943 prime?
True
Is 282607 a prime number?
False
Is 42899 a prime number?
True
Is 81467 prime?
False
Is 42281 a prime number?
True
Is 173801 prime?
False
Is 768019 composite?
True
Is 22343 composite?
False
Is 23207 prime?
False
Is 6898 a composite number?
True
Is 5879 a composite number?
False
Is 1219769 prime?
False
Is 1511 a composite number?
False
Is 312319 a composite number?
True
Is 3967 a composite number?
False
Is 10391 prime?
True
Is 39499 a prime number?
True
Is 216947 prime?
True
Is 1877354 a prime number?
False
Is 62383 a composite number?
False
Is 640457 composite?
False
Is 1007542 composite?
True
Is 317173 a composite number?
True
Is 12097 prime?
True
Is 13063 a composite number?
False
Is 29221 a prime number?
True
Is 50759 a composite number?
True
Is 4327 a prime number?
True
Is 13397 prime?
True
Is 871147 prime?
True
Is 85487 a prime number?
True
Is 430783 prime?
True
Is 1389235 a prime number?
False
Is 57703 a prime number?
False
Is 198547 a prime number?
False
Is 9389 a composite number?
True
Is 22343 a composite number?
False
Is 123113 prime?
True
Is 51257 prime?
True
Is 294566 prime?
False
Is 6731 a prime number?
False
Is 135151 a prime number?
True
Is 11743 prime?
True
Is 483603 prime?
False
Is 303191 prime?
False
Is 12031 composite?
True
Is 6610559 prime?
True
Is 115151 a composite number?
False
Is 68711 a prime number?
True
Is 2321 prime?
False
Is 224794 prime?
False
Is 68023 composite?
False
Is 6193 composite?
True
Is 198031 prime?
True
Is 129629 a prime number?
True
Is 18559 a composite number?
True
Is 29819 prime?
True
Is 1741 composite?
False
Is 1175617 prime?
True
Is 8465 composite?
True
Is 43037 a composite number?
False
Is 259499 a prime number?
True
Is 283553 a prime number?
True
Is 3389 a prime number?
True
Is 189199 a composite number?
False
Is 35897 prime?
True
Is 9413 prime?
True
Is 6947 a prime number?
True
Is 13193 composite?
True
Is 309259 prime?
True
Is 50411 a composite number?
False
Is 331127 composite?
False
Is 342249 a composite number?
True
Is 29407 a prime number?
False
Is 134905 a prime number?
False
Is 338359 a composite number?
True
Is 5169 a composite number?
True
Is 169987 composite?
False
Is 99079 a prime number?
True
Is 11579 a prime number?
True
Is 622241 a composite number?
False
Is 54109 a composite number?
True
Is 16217 a prime number?
True
Is 14969 prime?
True
Is 150107 a prime number?
True
Is 1757 a composite number?
True
Is 182506 composite?
True
Is 3049 a prime number?
True
Is 3989 a prime number?
True
Is 5447 a composite number?
True
Is 476291 a composite number?
True
Is 15481 prime?
False
Is 1463933 composite?
False
Is 10811 prime?
False
Is 23191 composite?
True
Is 2341299 prime?
False
Is 51763 composite?
True
Is 142465 prime?
False
Is 5071 a prime number?
False
Is 4729 a prime number?
True
Is 10487 a composite number?
False
Is 96643 compo